e greatest common factor of 7 and q?
7
Suppose 35 = -5*s - 10. Let a be (6 + s)/((-3)/2). Suppose v = -3*p + 28, 0 = a*p - 6*p - 4*v + 32. Calculate the greatest common divisor of 70 and p.
10
Let y be (-4)/22 + -1 + (-167)/(-11). Suppose 16*c + y = 18*c. Let x = 172 + -116. Calculate the highest common divisor of x and c.
7
Let z(d) = -4*d**3 - 10*d**2 - 23*d - 72. Let v be z(-6). Calculate the highest common divisor of v and 30.
30
Let i = -2576 + 2667. What is the greatest common divisor of 351 and i?
13
Let g be ((-104)/(-13) - 2)/((-1)/(-85)). Calculate the greatest common factor of g and 30.
30
Suppose 0 = -2*b - 1 + 17. Let h = b + 4. Let i = 139 - 79. Calculate the highest common factor of i and h.
12
Let x(o) = 0*o + 20 - 14 - 9*o. Let d be x(0). Calculate the highest common divisor of d and 6.
6
Let w = -42 + 64. Let c(n) = 198*n**2 + 2*n + 2. Let l be c(-1). Calculate the highest common divisor of l and w.
22
Suppose -20*j = -5*j - 5040. Suppose -9*v = -12*v + j. What is the highest common divisor of 14 and v?
14
Let z = 314 + -194. Calculate the highest common divisor of 300 and z.
60
Suppose -4*f + 285 = -4*y + 73, -229 = -5*f - 4*y. Let h = 204 - f. Calculate the greatest common factor of h and 62.
31
Let x be (-3 - -7)/2 - (-10 + -1). Let u = -19 + 341. Let f = -179 + u. What is the greatest common factor of f and x?
13
Let g = -257 - -345. Let t(z) = z + 10. Let r be t(-5). Suppose 0 = i - j - 3, -3*i + i - 9 = -r*j. Calculate the greatest common factor of i and g.
8
Let t = 563 - 500. Calculate the greatest common divisor of 84 and t.
21
Suppose 28*a = -181 + 1189. Let i be -44*(0 - 2) + 2. Calculate the greatest common factor of i and a.
18
Let s = -333 + 366. What is the highest common divisor of s and 132?
33
Suppose 18*g - 13*g - 20 = 0. Suppose g*y = z - 1773, 2*y - 879 = 4*y + z. Let s be y/(-65) - (-1)/5. What is the highest common divisor of s and 21?
7
Let z(n) = n**2 - 6*n + 10. Let g be -1 + 8 + (-13 - -11). Let q be z(g). What is the greatest common divisor of 40 and q?
5
Suppose -3*l - 2*l = -4*k - 22, 2*l - 10 = k. Suppose 88*q + 43*q = 5502. What is the greatest common divisor of l and q?
6
Let m(n) = -2*n**3 + 8*n**2 + 8*n + 1. Let h be m(-4). Calculate the greatest common factor of 45 and h.
45
Let r be 49 + 41 - (8 - 2). What is the greatest common divisor of 12 and r?
12
Let v = -14 - -14. Suppose 2*h - 2*i - 24 = v, -h + 3*i - 62 = -5*h. Let d = 56 - -14. What is the highest common factor of h and d?
14
Let c(r) = 3*r - 1. Let h be c(1). Suppose 20 = -4*k, 4*k - 13 = 4*g - 121. What is the highest common divisor of h and g?
2
Let w be (18/15)/(4/360). Calculate the greatest common divisor of w and 30.
6
Let m = 7 - 20. Let t = -35 - m. Let f be (-4)/t - (-815)/55. What is the highest common factor of 10 and f?
5
Let a = 6 - 4. Suppose -6*p + a*p = -16. Let b be p*(-1 + 0) + 14. Calculate the highest common divisor of b and 50.
10
Let b(k) = -35*k + 30. Let t be b(-5). What is the greatest common divisor of t and 41?
41
Let u(h) be the first derivative of 5*h**2 - 47*h - 10. Let c be u(9). What is the greatest common divisor of c and 86?
43
Suppose -5432 + 336 = -14*z. What is the highest common factor of 140 and z?
28
Suppose -3*t = -2*b - 270, -5*b = -4*t - 242 + 602. Calculate the highest common factor of t and 135.
45
Suppose -6*r - 3*r = -36. Calculate the greatest common divisor of r and 54.
2
Let w(f) = -f**3 + 10*f**2 + 13*f - 1. Let k be w(10). Let p(j) = -j**2 + 20*j - 10. Let r be p(12). What is the highest common divisor of r and k?
43
Suppose 4*t - 606 = 5*c - 0*c, -2*t + 310 = c. Calculate the highest common factor of t and 66.
22
Let r(i) = 16*i**3 + 5*i - 5. Let p be r(1). Calculate the highest common factor of p and 976.
16
Let w = 31 - 29. Suppose r + p - 67 = -w*r, 97 = 5*r - 2*p. Calculate the highest common factor of r and 14.
7
Let w = 45 - 35. Let q(v) = 5*v - 48. Let s be q(w). What is the highest common factor of s and 22?
2
Let i(d) = -d**2 + d + 4. Let j(w) = w**3 - w**2 - 2*w. Let m be j(2). Let n be i(m). Let s be (136/10)/(n/10). What is the greatest common factor of s and 17?
17
Let z(j) = j**3 + j**2 - j + 1. Let p be z(0). Let y be (-9)/24 - (-190)/80. Calculate the highest common divisor of p and y.
1
Let t = 77 + 18. Suppose -t*j + 32 = -93*j. Let c(n) = 71*n + 2. Let p be c(2). What is the highest common factor of j and p?
16
Suppose 3*n - 393 = -13*r + 8*r, -5*n + 677 = r. What is the highest common factor of 10 and n?
2
Let d(z) = -9*z + 11. Let b(n) = n + 1. Let i(v) = 2*b(v) - d(v). Let o be i(4). What is the highest common factor of o and 14?
7
Suppose 3*i + 367 = -5*d, i - 3*d - 121 = 2*i. Let p = i - -196. Let b = -85 + 103. Calculate the highest common factor of b and p.
18
Let k(w) = -3*w**2 - 84*w + 20. Let m be k(-26). Calculate the highest common divisor of 48 and m.
16
Suppose 8*c - 60 = 5*c. Let a = -10 - -45. Let k = 75 - a. What is the highest common factor of c and k?
20
Suppose 0 = o + 3*o + 20, -4*d - 2*o = -50. Let u be (-4 - (d - 1))/(-2). What is the highest common factor of 9 and u?
9
Suppose -19*m + 16*m = -390. Let a be m/3*(5 - 2 - 0). Calculate the greatest common divisor of 20 and a.
10
Suppose -g + 6 = -1. Suppose -19 - 2 = -3*z. Let x = 42 - z. What is the greatest common factor of x and g?
7
Let j be 335/4 + 2/8. Let v be (-1)/(-3)*9 + 3 + -2. Suppose t + 61 = v*z - z, 0 = 2*t - 4. Calculate the highest common divisor of z and j.
21
Let l = 37 - -91. Let p = l + -104. What is the greatest common divisor of p and 24?
24
Suppose 0*b - 4*b + 136 = 0. Suppose 3*q - b = -2*u, -q = 4*q + 2*u - 62. Let p be (q/(-2) + 1)*-1. What is the highest common factor of 15 and p?
3
Let v(n) = n. Let f be v(9). Suppose f*a - 60 = 3*a. What is the greatest common divisor of a and 40?
10
Let p = 168 - 136. What is the highest common divisor of 24 and p?
8
Let y = -54 - -82. Suppose -y = 2*m - 6*m. Let c = m - -3. Calculate the greatest common divisor of 4 and c.
2
Suppose 73*y = 78*y - 770. Calculate the greatest common divisor of y and 14.
14
Let o be 68/(-11) + 14/77. Let u be -4*(-1)/(-4)*o. What is the greatest common divisor of u and 24?
6
Suppose -2*g = -74 - 66. Suppose -53*d + 25 = -51*d - o, 3*o = -5*d + 79. Calculate the greatest common divisor of d and g.
14
Let w = -25 - -61. What is the highest common factor of 144 and w?
36
Let n(s) = -2*s - 6. Let d be n(-4). Suppose -4*j + u + d*u = -268, -3*j + 5*u = -190. Calculate the greatest common divisor of 14 and j.
14
Let i(j) = -5*j. Let k be i(-1). Suppose 5*f = 5, -2*g - 5*f + 14 = -f. Calculate the greatest common factor of g and k.
5
Let b be -4 + (-32)/4 + 4 + 74. Let u(t) = t + 3. Let g be u(-3). Let f be 5 + (1 - (0 - g)). What is the highest common divisor of f and b?
6
Let s = 293 - 283. Calculate the highest common factor of s and 160.
10
Suppose 171*t - 36 = 167*t. Calculate the highest common factor of 207 and t.
9
Let u be 7470/225 - ((-4)/5 + 1). What is the greatest common factor of 6 and u?
3
Suppose -13*s + 6426 = 29*s. Calculate the greatest common factor of 68 and s.
17
Suppose -3*o + 6 = 0, -8*m - 3*o = -6*m - 1384. What is the highest common divisor of m and 53?
53
Suppose 251 = 4*c - 5*t, -13*t + 197 = 3*c - 8*t. What is the greatest common factor of c and 576?
64
Let g be 1/(-2) - 66/(-4). Let p(i) = i**2 + 7*i - 4. Suppose 0*d - 4*d - 32 = 0. Let z be p(d). What is the greatest common divisor of z and g?
4
Suppose 0 = 35*n - 17*n - 270. What is the highest common divisor of n and 80?
5
Let g = 175 - 132. Calculate the greatest common divisor of 473 and g.
43
Let a be ((-292)/(-1) - 1) + (3 - -2). What is the greatest common factor of 8 and a?
8
Let n(p) = -1 - 3*p + 0*p - 5. Let c be n(-5). Let l be (2 + 15/(-9))/(17/306). Calculate the highest common divisor of c and l.
3
Suppose 0 = -5*l + 106 - 26. Suppose 385 = 5*h + 5*w, -224 = -3*h - 5*w + 1. What is the greatest common factor of h and l?
16
Suppose 3*s = -0*w - 2*w - 11, 3*s + 19 = 2*w. Let i(o) = -4*o**2 + o**2 + 2*o**w + 2*o**2 + 1. Let j be i(-2). Calculate the highest common factor of 35 and j.
5
Let n be -8 - (-4 - (-2 + -2)). Let w be ((-12)/15)/(n/380). Suppose -4*i + o = -86, -2*i - o - o = -w. What is the gre